{"id":621,"date":"2020-01-19T10:15:56","date_gmt":"2020-01-19T09:15:56","guid":{"rendered":"https:\/\/lamacelleria.net\/?post_type=product&#038;p=621"},"modified":"2026-04-03T10:16:39","modified_gmt":"2026-04-03T08:16:39","slug":"brisket-wagyu-oakey-premium","status":"publish","type":"product","link":"https:\/\/www.lamacelleria.net\/?product=brisket-wagyu-oakey-premium","title":{"rendered":"BRISKET WAGYU OAKEY PREMIUM 3+"},"content":{"rendered":"<p><a href=\"https:\/\/www.lamacelleria.net\/wp-content\/uploads\/2020\/01\/oakeylogo_3_1_1.jpg\"><img loading=\"lazy\" decoding=\"async\" class=\"alignnone size-medium wp-image-620\" src=\"https:\/\/www.lamacelleria.net\/wp-content\/uploads\/2020\/01\/oakeylogo_3_1_1-236x300.jpg\" alt=\"wagyu australiano oakey premium\" width=\"236\" height=\"300\" srcset=\"https:\/\/www.lamacelleria.net\/wp-content\/uploads\/2020\/01\/oakeylogo_3_1_1-200x254.jpg 200w, https:\/\/www.lamacelleria.net\/wp-content\/uploads\/2020\/01\/oakeylogo_3_1_1-236x300.jpg 236w, https:\/\/www.lamacelleria.net\/wp-content\/uploads\/2020\/01\/oakeylogo_3_1_1-400x508.jpg 400w, https:\/\/www.lamacelleria.net\/wp-content\/uploads\/2020\/01\/oakeylogo_3_1_1-500x634.jpg 500w, https:\/\/www.lamacelleria.net\/wp-content\/uploads\/2020\/01\/oakeylogo_3_1_1-600x761.jpg 600w, https:\/\/www.lamacelleria.net\/wp-content\/uploads\/2020\/01\/oakeylogo_3_1_1-700x888.jpg 700w, https:\/\/www.lamacelleria.net\/wp-content\/uploads\/2020\/01\/oakeylogo_3_1_1.jpg 766w\" sizes=\"auto, (max-width: 236px) 100vw, 236px\" \/><\/a><\/p>\n<h1>BRISKET WAGYU F1 (OAKEY PREMIUM)<\/h1>\n<h3>Direttamente dall&#8217;Australia, ecco uno dei prodotti pi\u00f9 ricercati e pregiati del mondo BBQ: un eccezionale Brisket di Wagyu Australiano <a href=\"https:\/\/www.nh-foods.com.au\/sales\/beef-brands\/\" target=\"_blank\" rel=\"noopener\">&#8220;OAKEY PREMIUM&#8221;.<\/a><\/h3>\n<p>Il brisket \u00e8, sostanzialmente, la punta di petto del manzo: \u00e8 composto da due gruppi muscolari, chiamati POINT e FLAT.<\/p>\n<p>Il flat \u00e8 la parte di muscolo pi\u00f9 magra e si trova vicino al costato del bovino: il point, invece, \u00e8 la parte esterna del petto ed \u00e8 ricoperta da uno strato chiamato FAT CAP.<\/p>\n<h3>Cucinarlo non \u00e8 da tutti: solo chi lo sa fare \u00e8 in grado di capire quanto sia importante avere una materia prima di ottima qualit\u00e0.<\/h3>\n<h2>Questo \u00e8 indubbiamente uno dei migliori prodotti che si possa trovare in commercio: la sua strepitosa marezzatura dona al prodotto gusto e, soprattutto, una morbidezza ineguagliabile.<\/h2>\n<p>&nbsp;<\/p>\n<hr \/>\n<p>Potrebbe interessarti anche:<\/p>\n<p><span style=\"color: #ff0000;\"><a style=\"color: #ff0000;\" href=\"https:\/\/www.lamacelleria.net\/prodotto\/burger-di-wagyu\/\">BURGER DI WAGYU<\/a><\/span><\/p>\n<p><span style=\"color: #ff0000;\"><a style=\"color: #ff0000;\" href=\"https:\/\/www.lamacelleria.net\/prodotto\/pollo-al-pepe-verde\/\">POLLO AL PEPE VERDE<\/a>\u00a0<\/span><\/p>\n<hr \/>\n<p>&nbsp;<\/p>\n<p><img loading=\"lazy\" decoding=\"async\" class=\"wp-image-5563 alignleft\" src=\"https:\/\/www.lamacelleria.net\/wp-content\/uploads\/2022\/07\/spedizione-300x225.png\" alt=\"\" width=\"180\" height=\"135\" srcset=\"https:\/\/www.lamacelleria.net\/wp-content\/uploads\/2022\/07\/spedizione-300x225.png 300w, https:\/\/www.lamacelleria.net\/wp-content\/uploads\/2022\/07\/spedizione.png 400w\" sizes=\"auto, (max-width: 180px) 100vw, 180px\" \/><\/p>\n<p>Per rispettare il mantenimento della catena del freddo, tutti i prodotti vengono confezionati sottovuoto, sistemati in isobox con cuscinetti di ghiaccio e spediti tramite corriere espresso. Nella maggior parte dei casi le consegne avvengono in 24 ore dal momento in cui viene affidata al corriere. Per il sud Italia, le isole e alcune province (nelle quali il corriere consegna solo in determinati giorni settimanali) \u00e8 probabile che la merce venga consegnata in 48\/72 ore.<\/p>\n<p>&nbsp;<\/p>\n<hr \/>\n<p>&nbsp;<\/p>\n<p><img loading=\"lazy\" decoding=\"async\" class=\"alignnone wp-image-5529 aligncenter\" src=\"https:\/\/www.lamacelleria.net\/wp-content\/uploads\/2022\/07\/bbq-zone-300x211.jpg\" alt=\"\" width=\"230\" height=\"162\" srcset=\"https:\/\/www.lamacelleria.net\/wp-content\/uploads\/2022\/07\/bbq-zone-300x211.jpg 300w, https:\/\/www.lamacelleria.net\/wp-content\/uploads\/2022\/07\/bbq-zone.jpg 425w\" sizes=\"auto, (max-width: 230px) 100vw, 230px\" \/><\/p>\n<h2>ENTRA NELLA NOSTRA<span style=\"color: #ff0000;\"> <em><strong><a style=\"color: #ff0000;\" href=\"https:\/\/www.lamacelleria.net\/area-riservata\/\">AREA RISERVATA<\/a><\/strong><\/em>\u00a0<\/span>PER SCOPRIRE TUTTE LE RICETTE PER VALORIZZARE AL MEGLIO I TAGLI DI CARNE<\/h2>\n<h2><\/h2>\n<p>&nbsp;<\/p>\n","protected":false},"excerpt":{"rendered":"<h3><span style=\"color: #ff0000;\"><em><strong>&#x2705;\u00a0<\/strong><\/em><em><strong>SPEDIZIONE GRATUITA <\/strong><\/em><\/span>PER ORDINI SUPERIORI A 149 EURO<\/h3>\n<h3><span style=\"color: #ff0000;\"><em><strong>&#x2705; <\/strong><\/em><\/span><em><strong>MANTENIMENTO GARANTITO DELLA CATENA DEL FREDDO<\/strong><\/em><\/h3>\n<h3><span style=\"color: #ff0000;\"><em><strong>&#x2705; <\/strong><\/em><\/span><em><strong>PAGAMENTI <\/strong><\/em>SICURI<\/h3>\n<h3><span style=\"color: #ff0000;\"><em><strong>&#x2705; <\/strong><\/em><\/span><em><strong>ASSISTENZA <\/strong><\/em>DIRETTA PRIMA E DOPO L&#8217;ACQUISTO<\/h3>\n<h2><\/h2>\n","protected":false},"featured_media":4563,"comment_status":"open","ping_status":"closed","template":"","meta":[],"product_brand":[],"product_cat":[302,245,306,246],"product_tag":[247,232,231],"class_list":{"0":"post-621","1":"product","2":"type-product","3":"status-publish","4":"has-post-thumbnail","6":"product_cat-oakey-premium","7":"product_cat-brisket","8":"product_cat-brisket-oakey-premium","9":"product_cat-wagyu-australiano-brisket","10":"product_tag-brisket","11":"product_tag-oakey-premium","12":"product_tag-wagyu-australiano","14":"first","15":"instock","16":"featured","17":"taxable","18":"shipping-taxable","19":"purchasable","20":"product-type-variable"},"_links":{"self":[{"href":"https:\/\/www.lamacelleria.net\/index.php?rest_route=\/wp\/v2\/product\/621","targetHints":{"allow":["GET"]}}],"collection":[{"href":"https:\/\/www.lamacelleria.net\/index.php?rest_route=\/wp\/v2\/product"}],"about":[{"href":"https:\/\/www.lamacelleria.net\/index.php?rest_route=\/wp\/v2\/types\/product"}],"replies":[{"embeddable":true,"href":"https:\/\/www.lamacelleria.net\/index.php?rest_route=%2Fwp%2Fv2%2Fcomments&post=621"}],"wp:featuredmedia":[{"embeddable":true,"href":"https:\/\/www.lamacelleria.net\/index.php?rest_route=\/wp\/v2\/media\/4563"}],"wp:attachment":[{"href":"https:\/\/www.lamacelleria.net\/index.php?rest_route=%2Fwp%2Fv2%2Fmedia&parent=621"}],"wp:term":[{"taxonomy":"product_brand","embeddable":true,"href":"https:\/\/www.lamacelleria.net\/index.php?rest_route=%2Fwp%2Fv2%2Fproduct_brand&post=621"},{"taxonomy":"product_cat","embeddable":true,"href":"https:\/\/www.lamacelleria.net\/index.php?rest_route=%2Fwp%2Fv2%2Fproduct_cat&post=621"},{"taxonomy":"product_tag","embeddable":true,"href":"https:\/\/www.lamacelleria.net\/index.php?rest_route=%2Fwp%2Fv2%2Fproduct_tag&post=621"}],"curies":[{"name":"wp","href":"https:\/\/api.w.org\/{rel}","templated":true}]}}