{"id":4772,"date":"2022-02-01T09:29:53","date_gmt":"2022-02-01T08:29:53","guid":{"rendered":"https:\/\/lamacelleria.net\/?post_type=product&#038;p=4772"},"modified":"2026-04-06T23:18:29","modified_gmt":"2026-04-06T21:18:29","slug":"brisket-black-angus-australia","status":"publish","type":"product","link":"https:\/\/www.lamacelleria.net\/?product=brisket-black-angus-australia","title":{"rendered":"BRISKET BLACK ANGUS AUSTRALIA"},"content":{"rendered":"<h1>BRISKET BLACK ANGUS AUSTRALIA (Angus Reserve)<\/h1>\n<p><img loading=\"lazy\" decoding=\"async\" class=\"size-medium wp-image-635\" src=\"https:\/\/www.lamacelleria.net\/wp-content\/uploads\/2020\/01\/Angus-Reserve-logo-212x300.jpg\" alt=\"black angus australiano angus reserve\" width=\"212\" height=\"300\" srcset=\"https:\/\/www.lamacelleria.net\/wp-content\/uploads\/2020\/01\/Angus-Reserve-logo-200x283.jpg 200w, https:\/\/www.lamacelleria.net\/wp-content\/uploads\/2020\/01\/Angus-Reserve-logo-212x300.jpg 212w, https:\/\/www.lamacelleria.net\/wp-content\/uploads\/2020\/01\/Angus-Reserve-logo-400x566.jpg 400w, https:\/\/www.lamacelleria.net\/wp-content\/uploads\/2020\/01\/Angus-Reserve-logo-500x708.jpg 500w, https:\/\/www.lamacelleria.net\/wp-content\/uploads\/2020\/01\/Angus-Reserve-logo-600x849.jpg 600w, https:\/\/www.lamacelleria.net\/wp-content\/uploads\/2020\/01\/Angus-Reserve-logo-700x991.jpg 700w, https:\/\/www.lamacelleria.net\/wp-content\/uploads\/2020\/01\/Angus-Reserve-logo-724x1024.jpg 724w, https:\/\/www.lamacelleria.net\/wp-content\/uploads\/2020\/01\/Angus-Reserve-logo-768x1087.jpg 768w, https:\/\/www.lamacelleria.net\/wp-content\/uploads\/2020\/01\/Angus-Reserve-logo-800x1132.jpg 800w, https:\/\/www.lamacelleria.net\/wp-content\/uploads\/2020\/01\/Angus-Reserve-logo.jpg 942w\" sizes=\"auto, (max-width: 212px) 100vw, 212px\" \/><\/p>\n<h2>Direttamente dall&#8217;Australia, ecco uno dei prodotti pi\u00f9 ricercati del mondo BBQ AMERICAN STYLE: il Brisket di Angus Reserve!<\/h2>\n<h2>La sua notevole marezzatura dona al prodotto gusto e, soprattutto, una morbidezza ineguagliabile.<\/h2>\n<h2>Cucinare un buon brisket non \u00e8 da tutti: solo chi lo sa fare \u00e8 in grado di capire quanto sia importante avere una materia prima di ottima qualit\u00e0. Questo Brisket Black Angus Australia della Angus Reserve \u00e8 indubbiamente uno dei migliori prodotti attualmente in commercio.<\/h2>\n<h2>Richiede una cottura molto lunga: <a href=\"https:\/\/www.passionebbq.it\/brisket-come-affumicare-la-punta-di-petto-di-manzo\/\" target=\"_blank\" rel=\"noopener\">clicca qui<\/a> per conoscere la procedura completa.<\/h2>\n<p>&nbsp;<\/p>\n<hr \/>\n<h3>Abbina uno dei nostri Rub specifici per Manzo della linea Angus&amp;Oink<\/h3>\n<h3><span style=\"color: #ff0000;\"><a style=\"color: #ff0000;\" href=\"https:\/\/www.lamacelleria.net\/prodotto\/angusoink-dirty-cow\/\">Angus&amp;Oink \u2013 DIRTY COW<\/a><\/span><\/h3>\n<h3><span style=\"color: #ff0000;\"><a style=\"color: #ff0000;\" href=\"https:\/\/www.lamacelleria.net\/prodotto\/angusoink-moo-mami\/\">Angus&amp;Oink \u2013 MOO MAMI<\/a><\/span><\/h3>\n<hr \/>\n<p>&nbsp;<\/p>\n<p><img loading=\"lazy\" decoding=\"async\" class=\"wp-image-5563 alignleft\" src=\"https:\/\/www.lamacelleria.net\/wp-content\/uploads\/2022\/07\/spedizione-300x225.png\" alt=\"\" width=\"180\" height=\"135\" srcset=\"https:\/\/www.lamacelleria.net\/wp-content\/uploads\/2022\/07\/spedizione-300x225.png 300w, https:\/\/www.lamacelleria.net\/wp-content\/uploads\/2022\/07\/spedizione.png 400w\" sizes=\"auto, (max-width: 180px) 100vw, 180px\" \/><\/p>\n<p>Per rispettare il mantenimento della catena del freddo, tutti i prodotti vengono confezionati sottovuoto, sistemati in isobox con cuscinetti di ghiaccio e spediti tramite corriere espresso. Nella maggior parte dei casi le consegne avvengono in 24 ore dal momento in cui viene affidata al corriere. Per il sud Italia, le isole e alcune province (nelle quali il corriere consegna solo in determinati giorni settimanali) \u00e8 probabile che la merce venga consegnata in 48\/72 ore.<\/p>\n<p>&nbsp;<\/p>\n<hr \/>\n<p>&nbsp;<\/p>\n<p><img loading=\"lazy\" decoding=\"async\" class=\"alignnone wp-image-5529 aligncenter\" src=\"https:\/\/www.lamacelleria.net\/wp-content\/uploads\/2022\/07\/bbq-zone-300x211.jpg\" alt=\"\" width=\"230\" height=\"162\" srcset=\"https:\/\/www.lamacelleria.net\/wp-content\/uploads\/2022\/07\/bbq-zone-300x211.jpg 300w, https:\/\/www.lamacelleria.net\/wp-content\/uploads\/2022\/07\/bbq-zone.jpg 425w\" sizes=\"auto, (max-width: 230px) 100vw, 230px\" \/><\/p>\n<h2>ENTRA NELLA NOSTRA<span style=\"color: #ff0000;\"> <em><strong><a style=\"color: #ff0000;\" href=\"https:\/\/www.lamacelleria.net\/area-riservata\/\">AREA RISERVATA<\/a><\/strong><\/em>\u00a0<\/span>PER SCOPRIRE TUTTE LE RICETTE PER VALORIZZARE AL MEGLIO I TAGLI DI CARNE<\/h2>\n","protected":false},"excerpt":{"rendered":"<h3><span style=\"color: #ff0000;\"><em><strong>&#x2705;\u00a0<\/strong><\/em><em><strong>SPEDIZIONE GRATUITA <\/strong><\/em><\/span>PER ORDINI SUPERIORI A 149 EURO<\/h3>\n<h3><span style=\"color: #ff0000;\"><em><strong>&#x2705; <\/strong><\/em><\/span><em><strong>MANTENIMENTO GARANTITO DELLA CATENA DEL FREDDO<\/strong><\/em><\/h3>\n<h3><span style=\"color: #ff0000;\"><em><strong>&#x2705; <\/strong><\/em><\/span><em><strong>PAGAMENTI <\/strong><\/em>SICURI<\/h3>\n<h3><span style=\"color: #ff0000;\"><em><strong>&#x2705; <\/strong><\/em><\/span><em><strong>ASSISTENZA <\/strong><\/em>DIRETTA PRIMA E DOPO L&#8217;ACQUISTO<\/h3>\n<h2><\/h2>\n","protected":false},"featured_media":5615,"comment_status":"open","ping_status":"closed","template":"","meta":[],"product_brand":[],"product_cat":[546,1363],"product_tag":[253,371,247,1483,1482,1364],"class_list":{"0":"post-4772","1":"product","2":"type-product","3":"status-publish","4":"has-post-thumbnail","6":"product_cat-angus-reserve-2","7":"product_cat-brisket-angus-reserve-2","8":"product_tag-angus-reserve","9":"product_tag-black-angus","10":"product_tag-brisket","11":"product_tag-brisket-angus","12":"product_tag-brisket-online","13":"product_tag-vendita-carne-online","15":"first","16":"instock","17":"taxable","18":"shipping-taxable","19":"purchasable","20":"product-type-variable"},"_links":{"self":[{"href":"https:\/\/www.lamacelleria.net\/index.php?rest_route=\/wp\/v2\/product\/4772","targetHints":{"allow":["GET"]}}],"collection":[{"href":"https:\/\/www.lamacelleria.net\/index.php?rest_route=\/wp\/v2\/product"}],"about":[{"href":"https:\/\/www.lamacelleria.net\/index.php?rest_route=\/wp\/v2\/types\/product"}],"replies":[{"embeddable":true,"href":"https:\/\/www.lamacelleria.net\/index.php?rest_route=%2Fwp%2Fv2%2Fcomments&post=4772"}],"wp:featuredmedia":[{"embeddable":true,"href":"https:\/\/www.lamacelleria.net\/index.php?rest_route=\/wp\/v2\/media\/5615"}],"wp:attachment":[{"href":"https:\/\/www.lamacelleria.net\/index.php?rest_route=%2Fwp%2Fv2%2Fmedia&parent=4772"}],"wp:term":[{"taxonomy":"product_brand","embeddable":true,"href":"https:\/\/www.lamacelleria.net\/index.php?rest_route=%2Fwp%2Fv2%2Fproduct_brand&post=4772"},{"taxonomy":"product_cat","embeddable":true,"href":"https:\/\/www.lamacelleria.net\/index.php?rest_route=%2Fwp%2Fv2%2Fproduct_cat&post=4772"},{"taxonomy":"product_tag","embeddable":true,"href":"https:\/\/www.lamacelleria.net\/index.php?rest_route=%2Fwp%2Fv2%2Fproduct_tag&post=4772"}],"curies":[{"name":"wp","href":"https:\/\/api.w.org\/{rel}","templated":true}]}}